mon factor of 84 and 225912.
12
Calculate the highest common factor of 291 and 162087.
291
Calculate the greatest common divisor of 11195 and 55.
5
What is the greatest common divisor of 578 and 48263?
289
What is the greatest common factor of 5014 and 2944?
46
Calculate the highest common factor of 1498 and 49.
7
What is the highest common factor of 210 and 1207290?
210
What is the greatest common divisor of 26004 and 132?
132
Calculate the highest common divisor of 37568 and 832.
64
Calculate the highest common divisor of 362241 and 297.
99
What is the highest common factor of 35405 and 365?
365
Calculate the greatest common divisor of 247556 and 796.
796
What is the highest common factor of 5 and 26007?
1
What is the greatest common factor of 33 and 44231?
11
Calculate the highest common factor of 210 and 92358.
42
Calculate the greatest common divisor of 430 and 58910.
430
Calculate the greatest common factor of 3285036 and 8.
4
What is the greatest common divisor of 22154 and 5434?
418
Calculate the highest common divisor of 11268 and 165577.
313
Calculate the greatest common factor of 742 and 3766.
14
What is the greatest common divisor of 204565 and 251?
251
Calculate the highest common factor of 5 and 127280.
5
Calculate the highest common factor of 19885731 and 69.
69
Calculate the highest common factor of 6992 and 11776.
368
Calculate the greatest common divisor of 16 and 223700.
4
Calculate the greatest common factor of 1500 and 20300.
100
Calculate the greatest common factor of 77 and 766656.
11
Calculate the highest common divisor of 176 and 268653.
11
Calculate the highest common divisor of 10 and 94345.
5
What is the highest common divisor of 1359 and 7335?
9
What is the greatest common divisor of 959 and 28?
7
What is the greatest common factor of 1364 and 3186986?
682
Calculate the greatest common factor of 69542 and 638.
638
What is the greatest common divisor of 89 and 12715964?
89
What is the highest common divisor of 331 and 3641?
331
Calculate the highest common divisor of 31763 and 8257.
23
Calculate the highest common factor of 99428 and 56.
28
What is the highest common divisor of 16 and 67376?
16
What is the greatest common divisor of 5 and 45515?
5
Calculate the highest common divisor of 78 and 439660.
26
Calculate the highest common factor of 4960 and 5920.
160
What is the greatest common divisor of 32946 and 9994?
38
What is the greatest common factor of 1166351 and 74?
37
What is the greatest common divisor of 188324 and 712?
356
What is the greatest common divisor of 257106 and 1314?
438
What is the greatest common factor of 2102 and 278?
2
What is the greatest common factor of 2164252 and 76?
76
What is the greatest common divisor of 11193680 and 4?
4
What is the highest common factor of 520 and 59020?
260
Calculate the highest common factor of 27 and 2367.
9
What is the greatest common factor of 2560 and 213120?
640
What is the highest common divisor of 279 and 1482327?
279
What is the highest common factor of 93691 and 1534?
13
What is the highest common factor of 3297126 and 232?
58
What is the highest common factor of 376 and 23876?
188
Calculate the highest common factor of 9963 and 4023.
27
What is the highest common divisor of 24 and 528282?
6
What is the greatest common factor of 1296 and 8748?
324
What is the highest common factor of 450 and 57780?
90
Calculate the highest common divisor of 2400 and 46860.
60
Calculate the highest common divisor of 2947 and 119.
7
Calculate the highest common divisor of 24 and 447.
3
What is the highest common factor of 23472 and 64?
16
What is the greatest common factor of 5907 and 297?
33
What is the highest common factor of 67362 and 42?
6
Calculate the highest common divisor of 62769 and 732.
183
What is the highest common factor of 844758 and 4899?
213
Calculate the highest common factor of 6958 and 490.
98
Calculate the greatest common factor of 32 and 203936.
32
What is the greatest common factor of 384 and 44884?
4
What is the greatest common divisor of 1 and 11554?
1
What is the highest common divisor of 163132 and 272?
68
What is the greatest common factor of 2254 and 602?
14
Calculate the highest common divisor of 3 and 88161.
3
What is the highest common factor of 291609 and 18?
9
Calculate the highest common factor of 15884 and 366776.
1444
What is the greatest common divisor of 1807 and 1170?
13
What is the highest common divisor of 9 and 78633?
9
What is the highest common factor of 53010 and 150?
30
What is the highest common divisor of 171581 and 884?
17
Calculate the greatest common divisor of 1908 and 26448.
12
What is the greatest common factor of 153 and 13107?
51
What is the greatest common divisor of 90 and 458238?
6
What is the greatest common divisor of 7 and 470470?
7
Calculate the highest common divisor of 610 and 221430.
610
What is the greatest common factor of 17179 and 1676?
419
Calculate the highest common divisor of 210405 and 996.
249
Calculate the highest common divisor of 28 and 1191862.
14
Calculate the greatest common divisor of 14 and 81298.
14
Calculate the highest common divisor of 139541 and 207.
23
What is the greatest common factor of 1056048 and 14?
14
Calculate the highest common factor of 4312 and 150136.
392
What is the greatest common divisor of 239450 and 35?
5
Calculate the highest common factor of 1722761 and 471.
157
What is the greatest common divisor of 19720 and 21760?
680
What is the greatest common divisor of 24 and 412662?
6
What is the greatest common divisor of 340 and 128?
4
Calculate the greatest common divisor of 1854 and 1224.
18
Calculate the greatest common factor of 92 and 6141.
23
Calculate the highest common factor of 114 and 25175.
19
Calculate the greatest common divisor of 7567 and 89953.
23
What is the highest common divisor of 855904 and 448?
224
What is the highest common factor of 3094 and 1638?
182
What is the highest common divisor of 126875 and 40000?
625
Calculate the highest common divisor of 819249 and 9.
3
Calculate the highest common factor of 146 and 84680.
146
What is the highest common divisor of 7950 and 318?
318
What is the greatest common factor of 1457 and 527?
31
Calculate the highest common divisor of 1484 and 225036.
28
Calculate the highest common factor of 193511 and 136.
17
Calculate the highest common divisor of 1137520 and 21240.
2360
What is the highest common factor of 546 and 321426?
42
What is the greatest common divisor of 66466 and 37742?
334
Calculate the greatest common factor of 14892 and 221.
17
What is the greatest common factor of 863018 and 13?
13
What is the greatest common factor of 83919 and 33?
33
Calculate the greatest common divisor of 1870 and 20680.
110
Calculate the highest common divisor of 1240 and 3782.
62
Calculate the highest common factor of 51289 and 4403.
119
What is the highest common factor of 3712 and 5162?
58
Calculate the greatest common divisor of 93 and 271591.
31
Calculate the highest common divisor of 18306 and 28755.
81
Calculate the highest common divisor of 85610 and 140.
70
What is the greatest common factor of 438 and 1890?
6
What is the greatest common divisor of 775 and 3255?
155
What is the greatest common divisor of 8877 and 1958?
11
What is the greatest common divisor of 243816 and 24?
24
Calculate the greatest common factor of 1806 and 21156.
258
What is the greatest common divisor of 609 and 256389?
609
What is the highest common factor of 20 and 7797940?
20
What is the greatest common factor of 21330 and 553?
79
What is the highest common divisor of 300058 and 23?
23
What is the greatest common factor of 24 and 746352?
24
Calculate the greatest common factor of 98287 and 437.
19
Calculate the highest common divisor of 30421 and 58.
29
Calculate the greatest common divisor of 345308 and 10034.
346
Calculate the highest common factor of 120 and 337020.
60
What is the highest common divisor of 4 and 101?
1
What is the highest common factor of 6338360 and 280?
280
Calculate the highest common factor of 324 and 1143.
9
What is the highest common factor of 903551 and 11?
11
Calculate the highest common factor of 232 and 580638.
58
Calculate the greatest common divisor of 16 and 654144.
16
What is the greatest common divis